7
Let k = 6 - 6. Let c be 0 + (k - -2) + -2. Let r(x) = -x**3 - x**2 + x + 5. What is the units digit of r(c)?
5
Let h = 30 - 27. What is the units digit of (3/h)/(6/414)?
9
Let d(z) = 678*z + 14. What is the hundreds digit of d(7)?
7
What is the tens digit of (-21412)/(-16) - 3/12?
3
Let z(f) = -f**3 + 4*f**2 - 4*f + 10. Let n be z(-6). Suppose -2*c - n = -4*t, 4*c - 63 = -3*t + 216. What is the units digit of t?
7
Let m = 307 - -772. What is the thousands digit of m?
1
Let q(y) = y**3 - 7*y**2. Let d be q(7). Suppose -5*x + 2*v + 40 = d, -4*x + 2 = 4*v - 58. Let z = 12 - x. What is the units digit of z?
2
Suppose -12*t = -7*t. Suppose -3*j + 7*j - 3*w + 6 = t, 2*j - 8 = -4*w. Let b = 1 - j. What is the units digit of b?
1
Let u be 840/9 + (-7)/21. Suppose 3*a = 2*b - u, 0 = -2*b - b + 3*a + 141. What is the units digit of b?
8
What is the tens digit of ((-14)/(-3))/(-7) + (-2796)/(-9)?
1
Let x(l) = 3*l**2 + 3*l + 9. Let t be x(-5). Let u = t + -27. What is the units digit of u?
2
Let j(z) = -z**3 - 10*z**2 + 2*z + 20. Let g be j(-10). Suppose -3*k + r + 659 = g, 5*k - 1103 = -r - 18. What is the units digit of k?
8
Suppose -l = 2 + 2, 2*l = -3*m + 1. Suppose m*w + p + 0*p = 10, -w - 3*p + 6 = 0. Suppose -2*f = -4*g + 14, f = -w*f - 2*g + 22. What is the units digit of f?
3
Let d(o) = 18 + o**2 + 10 - 14*o - 4. Let m be d(16). Suppose 2*l - m = -0*l. What is the units digit of l?
8
Let m = 568 - 269. Suppose -3*r + m = 11. What is the tens digit of r?
9
Let v = -15 - -14. Let j be -4 + (v - -3) - -81. Let u = j - 36. What is the tens digit of u?
4
Let g be (-27)/(-21) - 1 - (-14795)/35. Let y = g + -198. What is the units digit of y?
5
What is the tens digit of (-3255)/(-6) - (3/(-2) - -2)?
4
Suppose 3664 = -6687*o + 6688*o. What is the hundreds digit of o?
6
Let k(q) = 5*q**2 - 9*q + 13. Let f be k(4). Let y = 118 - f. What is the units digit of y?
1
Suppose 2*u - 5*c = 3957, -4*u + 167*c = 165*c - 7922. What is the units digit of u?
1
Suppose 2*z - 3*x - 937 = 0, -3*z + 1402 = -38*x + 37*x. What is the hundreds digit of z?
4
Let f(g) = 84*g**2 - 4*g + 31. What is the units digit of f(-6)?
9
Let l = -324 + 828. Suppose -4*t - 130 = -j - 3*t, 0 = -4*j - 4*t + l. What is the tens digit of j?
2
Let q be (16 - 18)/((-2)/4). Suppose w + 519 = q*w + 4*v, 5*v = 5*w - 865. What is the units digit of w?
3
Suppose -2*y - 2 = -0*r + r, y = 3*r - 8. Suppose 24 = -r*w + 116. What is the units digit of w?
6
Suppose -196 = -g - 2*v, 172 = -4*g + 4*v + 956. Let c be g/(-16) - (-1)/4. What is the units digit of ((-24)/(-16))/((-2)/c)?
9
Let c = 159 - -19. Suppose 14*z = 16*z - c. What is the tens digit of z?
8
Let k = -21 - -21. Let s(u) = 2*u + k + 5 + 10 + 4. What is the units digit of s(-8)?
3
Suppose -2*i + 1694 = 9*i. Suppose 3*b + i - 565 = 0. What is the hundreds digit of b?
1
Suppose -3*w + 70 = -4*w. Let p = -42 - w. What is the tens digit of p?
2
Let w(h) = h**2 + 6*h - 4. Let x(v) = v**2 + 7*v - 4. Let n(c) = -3*w(c) + 2*x(c). What is the units digit of n(0)?
4
Let b(c) = -c**3 + 6*c**2 + 7*c + 3. Let y be b(7). What is the units digit of 89/y - 15/(-45)?
0
Suppose -5*o + 20 = -3*n, -n - 9 = -4*o + 7. Suppose a = o - 0. What is the units digit of a - 1/((-1)/11)?
5
Let j = 521 - -54. Suppose -9*a + j = -505. What is the units digit of a?
0
Suppose -4*c + 4786 = 2*j, 0 = -3*c - 43*j + 42*j + 3589. What is the tens digit of c?
9
Let n be 375 - ((2 - -1) + 0). Suppose -2*a = 3*a + 3*h - 626, -3*a + n = 3*h. What is the units digit of a?
7
Let m be ((-102)/7)/((-2)/42). Let b = m - 179. What is the hundreds digit of b?
1
Let o(g) = -2*g + 34. Let y be o(14). What is the units digit of -9*(2 - 32/y)?
0
Suppose -3*p + 29326 = 5*x, 0 = -x - 11*p + 6*p + 5874. What is the hundreds digit of x?
8
Suppose -4*a = 5*l - 3, 8 = a - 4*l + 2. Suppose 6*x = -13 + 187. Suppose -2*f = s - a*s - x, -3*s = -f + 7. What is the units digit of f?
6
Suppose 9*w + 2*u - 1264 = 4*w, 2*w + 5*u - 493 = 0. Let z = w - 120. What is the hundreds digit of z?
1
Suppose -4*t - 1 = 11. Let n(x) = -34*x + 2. What is the units digit of n(t)?
4
Suppose 1350 + 930 = -3*p. Suppose 0 = -4*z - 2 + 10. What is the units digit of p/(-133)*7/z?
0
Let v = 333 + 284. What is the hundreds digit of v?
6
Let s(y) = y - 6. Suppose d + 0*d - 10 = 0. Let c be s(d). Suppose -c*i + 45 + 55 = 0. What is the units digit of i?
5
Let p(f) = f**3 + 46*f**2 + 16*f + 6. What is the hundreds digit of p(-45)?
3
Let o = 1239 - 643. What is the tens digit of o?
9
Let c = 15 + -13. Suppose -c*b = -b - 75. What is the units digit of b?
5
Let y(d) be the third derivative of -d**6/120 - d**5/15 + d**3/2 + 6*d**2. Let g be y(-4). Suppose 61 = g*i - 4*r, i + r - 7 = 4. What is the tens digit of i?
1
Suppose 2*h - 19 = -3*i + 3*h, -i + h = -3. Let q be 3*2/(-9)*-3. What is the tens digit of q/i - (-198)/8?
2
Suppose 3*o - 1435 = -2*f, -5*o = 13*f - 9*f - 2867. What is the hundreds digit of f?
7
Suppose -5*m - g - 3*g + 967 = 0, -3*m + 588 = 5*g. What is the tens digit of m?
9
Let k = 8 + 0. Let n = k - 6. Suppose y - 22 = -j, -7*y + n*y = -3*j - 70. What is the units digit of y?
7
Let y(n) = 7*n - 9. Let m be y(-7). Let w = 365 - 250. Let r = w + m. What is the tens digit of r?
5
Suppose 0 = -171*x + 165*x + 822. What is the units digit of x?
7
Let r = -112 - -3. Let n = r + 221. What is the units digit of n?
2
Suppose 9*t = 13*t - 28. Suppose -t*z = -9*z + 54. Suppose d = z + 11. What is the units digit of d?
8
Let a be 0 - 2/(-3 + 5). Let o(f) = f**2 - f + 1. Let d(b) = b**3 - 9*b**2 - b - 4. Let t(n) = a*d(n) - o(n). What is the tens digit of t(8)?
1
Suppose 2*z = -12*z + 6412. What is the hundreds digit of z?
4
Suppose -5*g - 4 - 76 = 0. Let o(c) = c**2 + 12*c - 7. What is the units digit of o(g)?
7
Suppose 129*v = 127*v + 6666. What is the hundreds digit of v?
3
Let o(p) = -p**3 + 10*p**2 - 2*p + 8. Let v be o(8). Let h = -28 + v. What is the units digit of h?
2
Suppose 0 = 4*l - 2*t + 108, 3*l - 4*t + 24 = -62. What is the tens digit of (-1434)/(-26) - (-4)/l?
5
Suppose 0 = -292*d + 298*d - 2730. What is the tens digit of d?
5
Suppose 8*t = 4*t + 68. What is the tens digit of (-1582)/(-12) + 1 + t/102?
3
Let c = -68 - 85. Let b = 208 + c. What is the units digit of b?
5
Suppose 5*l - 7319 = 75*m - 78*m, -l = 2*m - 1461. What is the tens digit of l?
6
Let m(g) = -g**3 - 2*g**2 - g + 545. Let o be m(0). Suppose -5*t = 3*y + 2*y - o, 4*t = y + 416. What is the hundreds digit of t?
1
Suppose 0 = -2*c - 4*m + 497 + 433, 0 = -5*c + 2*m + 2385. Suppose 4*y = 4*r - 388, 2*r - c = -3*r - 5*y. Let b = r + -59. What is the units digit of b?
7
Let x = 24 + -24. Suppose 10 = 2*o, u - 4*u + 5*o - 10 = x. Suppose 0*a + 245 = u*a. What is the tens digit of a?
4
Let z be (126/10 + -3)*(-2265)/(-6). What is the tens digit of (-6)/(-15) - z/(-15)?
4
Suppose 0 = -3*c - 3*m + 213, -c - m - 154 = -3*c. What is the units digit of c?
5
Suppose -4 = -7*u + 5*u. Suppose 0 = 2*p - 4*p - 2*i - u, 0 = -2*p - 4*i - 12. Suppose h + 2*r = 4*h - 145, -4*r = -p*h + 200. What is the tens digit of h?
4
Suppose w - 26 = -4*w + f, 0 = -4*w + 2*f + 22. Let i(t) = -19*t + 3. Let g(n) = 10*n - 1. Let r(v) = w*g(v) + 2*i(v). What is the units digit of r(4)?
9
Let x(f) = 32*f**2 + 10*f + 14. Let w = 123 + -125. What is the units digit of x(w)?
2
Suppose -586*b + 9170 = -581*b. What is the units digit of b?
4
Suppose 0 = -0*m + m + 4. Let u be (-3 + -1)*5/m. Suppose -18 = -d + u. What is the tens digit of d?
2
What is the units digit of ((-41)/2)/(-10 + 3498/352)?
8
Let s be 1*((-81)/18 - 2/(-4)). What is the tens digit of (-3)/2 + (426/4 - s)?
0
Let m(n) = n**3 - 8*n**2 - n + 10. Let c be m(8). Let o be -1*(c - 4/2). Suppose o = 3*f - 0*f - 57. What is the units digit of f?
9
Let t be (-291)/(-4) + (-3)/(-12). Let w be (-2 - -3 - 2) + -44. Let f = t + w. What is the units digit of f?
8
Let s(r) = -r**3 + 19*r**2 + 56*r - 3. What is the hundreds digit of s(14)?
7
Suppose 21*d - 11360 - 3907 = 0. What is the tens digit of d?
2
Let t be (8/(-2))/((-4)/58). Suppose 3*v + b = 201 + 175, v = -3*b + 120. Suppose 3*u + g - v = -2*g, 0 = u + 5*g - t. What is the units digit of u?
8
What is the thousands digit of (3 + 32625/60)/(1/4)?
2
Let h(u) = -5*u + 4. Let